{"id":70,"date":"2025-06-20T09:08:02","date_gmt":"2025-06-20T09:08:02","guid":{"rendered":"https:\/\/helenefruelund.dk\/test\/?page_id=70"},"modified":"2025-06-20T09:25:46","modified_gmt":"2025-06-20T09:25:46","slug":"helenefornord","status":"publish","type":"page","link":"https:\/\/helenefruelund.dk\/index.php\/helenefornord\/","title":{"rendered":"HeleneForNord"},"content":{"rendered":"\t\t<div data-elementor-type=\"wp-page\" data-elementor-id=\"70\" class=\"elementor elementor-70\">\n\t\t\t\t<div class=\"elementor-element elementor-element-2805735 e-con-full e-flex e-con e-parent\" data-id=\"2805735\" data-element_type=\"container\" data-e-type=\"container\" data-settings=\"{&quot;background_background&quot;:&quot;classic&quot;}\">\n\t\t<div class=\"elementor-element elementor-element-64ed6ae e-flex e-con-boxed e-con e-child\" data-id=\"64ed6ae\" data-element_type=\"container\" data-e-type=\"container\">\n\t\t\t\t\t<div class=\"e-con-inner\">\n\t\t\t\t<div class=\"elementor-element elementor-element-765c37a elementor-widget elementor-widget-image\" data-id=\"765c37a\" data-element_type=\"widget\" data-e-type=\"widget\" data-widget_type=\"image.default\">\n\t\t\t\t<div class=\"elementor-widget-container\">\n\t\t\t\t\t\t\t\t\t\t\t\t\t\t\t<img fetchpriority=\"high\" decoding=\"async\" width=\"950\" height=\"284\" src=\"https:\/\/helenefruelund.dk\/wp-content\/uploads\/2025\/06\/Tekst-med-rundt-1024x306.png\" class=\"attachment-large size-large wp-image-75\" alt=\"\" srcset=\"https:\/\/helenefruelund.dk\/wp-content\/uploads\/2025\/06\/Tekst-med-rundt-1024x306.png 1024w, https:\/\/helenefruelund.dk\/wp-content\/uploads\/2025\/06\/Tekst-med-rundt-300x90.png 300w, https:\/\/helenefruelund.dk\/wp-content\/uploads\/2025\/06\/Tekst-med-rundt-1536x460.png 1536w, https:\/\/helenefruelund.dk\/wp-content\/uploads\/2025\/06\/Tekst-med-rundt.png 1587w\" sizes=\"100vw\" \/>\t\t\t\t\t\t\t\t\t\t\t\t\t\t\t<\/div>\n\t\t\t\t<\/div>\n\t\t<div class=\"elementor-element elementor-element-aafd076 e-con-full e-flex e-con e-child\" data-id=\"aafd076\" data-element_type=\"container\" data-e-type=\"container\">\n\t\t<div class=\"elementor-element elementor-element-19c25bc e-con-full e-flex e-con e-child\" data-id=\"19c25bc\" data-element_type=\"container\" data-e-type=\"container\" data-settings=\"{&quot;background_background&quot;:&quot;classic&quot;}\">\n\t\t\t\t<\/div>\n\t\t\t\t<div class=\"elementor-element elementor-element-ba6e4b0 elementor-widget elementor-widget-text-editor\" data-id=\"ba6e4b0\" data-element_type=\"widget\" data-e-type=\"widget\" data-widget_type=\"text-editor.default\">\n\t\t\t\t<div class=\"elementor-widget-container\">\n\t\t\t\t\t\t\t\t\t<p>Vil du motiveres og inspireres til at bruge naturen noget mere? <br>S\u00e5 f\u00f8lg med p\u00e5 <a href=\"http:\/\/www.helenefornord.dk\" target=\"_blank\" rel=\"noreferrer noopener\"><strong>HeleneForNord!<\/strong><\/a><br><\/p>\n<p>Der er s\u00e5 mange fantastiske oplevelser, b\u00e5de lige udenfor d\u00f8ren og lidt l\u00e6ngere v\u00e6k. Derfor deler jeg med dig. Jeg deler ogs\u00e5, fordi jeg ikke kan lade v\u00e6re! Fordi det g\u00f8r mig glad: Fordi oplevelsen bliver mere virkelig, n\u00e5r jeg deler den. Jeg deler med min k\u00e6reste, vores b\u00f8rn og dig \u2026 fordi det, jeg oplever giver mig s\u00e5 meget v\u00e6rdi, gl\u00e6de, udfordringer og gejst, at det ligesom ikke kan v\u00e6re inde i mig. S\u00e5 l\u00e6s bare videre &#8230;<\/p>\t\t\t\t\t\t\t\t<\/div>\n\t\t\t\t<\/div>\n\t\t\t\t<\/div>\n\t\t\t\t\t<\/div>\n\t\t\t\t<\/div>\n\t\t\t\t<\/div>\n\t\t\t\t<\/div>\n\t\t","protected":false},"excerpt":{"rendered":"<p>Vil du motiveres og inspireres til at bruge naturen noget mere? S\u00e5 f\u00f8lg med p\u00e5 HeleneForNord! Der er s\u00e5 mange fantastiske oplevelser, b\u00e5de lige udenfor d\u00f8ren og lidt l\u00e6ngere v\u00e6k. Derfor deler jeg med dig. Jeg deler ogs\u00e5, fordi jeg ikke kan lade v\u00e6re! Fordi det g\u00f8r mig glad: Fordi oplevelsen bliver mere virkelig, n\u00e5r &hellip; <\/p>\n<p class=\"link-more\"><a href=\"https:\/\/helenefruelund.dk\/index.php\/helenefornord\/\" class=\"more-link\">L\u00e6s mere<span class=\"screen-reader-text\"> \u201cHeleneForNord\u201d<\/span><\/a><\/p>\n","protected":false},"author":1,"featured_media":0,"parent":0,"menu_order":0,"comment_status":"closed","ping_status":"closed","template":"elementor_header_footer","meta":{"inspiro_hide_title":false,"footnotes":""},"class_list":["post-70","page","type-page","status-publish","hentry"],"_links":{"self":[{"href":"https:\/\/helenefruelund.dk\/index.php\/wp-json\/wp\/v2\/pages\/70","targetHints":{"allow":["GET"]}}],"collection":[{"href":"https:\/\/helenefruelund.dk\/index.php\/wp-json\/wp\/v2\/pages"}],"about":[{"href":"https:\/\/helenefruelund.dk\/index.php\/wp-json\/wp\/v2\/types\/page"}],"author":[{"embeddable":true,"href":"https:\/\/helenefruelund.dk\/index.php\/wp-json\/wp\/v2\/users\/1"}],"replies":[{"embeddable":true,"href":"https:\/\/helenefruelund.dk\/index.php\/wp-json\/wp\/v2\/comments?post=70"}],"version-history":[{"count":13,"href":"https:\/\/helenefruelund.dk\/index.php\/wp-json\/wp\/v2\/pages\/70\/revisions"}],"predecessor-version":[{"id":86,"href":"https:\/\/helenefruelund.dk\/index.php\/wp-json\/wp\/v2\/pages\/70\/revisions\/86"}],"wp:attachment":[{"href":"https:\/\/helenefruelund.dk\/index.php\/wp-json\/wp\/v2\/media?parent=70"}],"curies":[{"name":"wp","href":"https:\/\/api.w.org\/{rel}","templated":true}]}}